ue
Is 38 a factor of 800494168?
True
Is 108 a factor of 43915824?
True
Is 9 a factor of 39442464?
True
Is 1527353 a multiple of 10?
False
Is 2137657792 a multiple of 2634?
False
Does 348 divide 1778584684?
False
Is 86 a factor of 31745008?
True
Is 45 a factor of 185512308?
False
Does 22 divide 343610476?
True
Is 4808996660 a multiple of 10?
True
Is 63554170 a multiple of 332?
False
Is 493 a factor of 134002199?
False
Is 1788533682 a multiple of 598?
True
Does 61 divide 1413568721?
False
Does 118 divide 2153889164?
True
Is 822926474 a multiple of 220?
False
Does 1011 divide 38870928?
True
Does 684 divide 734716548?
True
Is 566767950 a multiple of 200?
False
Is 16 a factor of 87355160?
False
Is 33 a factor of 64311225?
True
Is 493559586 a multiple of 538?
True
Is 3381666409 a multiple of 331?
False
Is 1695415 a multiple of 1315?
False
Is 447 a factor of 25458438?
True
Is 72 a factor of 29609424?
True
Is 4155 a factor of 76965260?
False
Does 1480 divide 34409905?
False
Is 3349265397 a multiple of 222?
False
Does 1944 divide 14379905?
False
Does 15637 divide 1439584169?
False
Is 766 a factor of 810310036?
True
Is 1459 a factor of 85500318?
True
Does 32 divide 3892223064?
False
Is 271 a factor of 51088596?
False
Is 23 a factor of 32325396?
True
Is 1756669 a multiple of 451?
False
Does 148 divide 8437628?
True
Is 275795640 a multiple of 1140?
True
Is 24 a factor of 138465264?
True
Does 6 divide 302572673?
False
Does 1384 divide 359637936?
True
Is 13126523 a multiple of 128?
False
Is 185 a factor of 328999375?
True
Is 18 a factor of 40001338?
False
Is 79 a factor of 230306584?
False
Is 2216736 a multiple of 1548?
True
Is 3 a factor of 41300042?
False
Is 18 a factor of 482568103?
False
Is 6712 a factor of 268085340?
False
Is 1813287098 a multiple of 6349?
True
Does 1941 divide 1413152814?
True
Does 254 divide 5178044?
True
Is 6998431 a multiple of 11?
True
Is 128 a factor of 110156288?
True
Is 45 a factor of 35896397?
False
Is 30487940 a multiple of 20?
True
Is 133273596 even?
True
Is 12 a factor of 68416344?
True
Does 714 divide 69517182?
True
Is 35011950 a multiple of 368?
False
Does 7465 divide 6056906910?
True
Does 221 divide 37283664?
False
Is 7 a factor of 326370408?
True
Is 33 a factor of 163588656?
True
Does 6178 divide 310530992?
True
Is 216199193 a multiple of 7?
True
Is 16164262 a multiple of 6?
False
Does 42 divide 1434673981?
False
Is 147 a factor of 1728573?
True
Is 981 a factor of 41333066?
False
Does 1064 divide 28552324?
False
Is 26485485 a multiple of 5?
True
Is 238 a factor of 27433070?
True
Does 339 divide 25148828?
False
Is 3361 a factor of 1493544375?
True
Is 62845420 a multiple of 110?
True
Does 880 divide 69063280?
True
Does 5 divide 441021041?
False
Does 4 divide 116016198?
False
Does 36 divide 1488600?
True
Is 709 a factor of 21576288?
True
Is 844 a factor of 54803817?
False
Is 16 a factor of 3442747104?
True
Is 9127815 a multiple of 15?
True
Is 111 a factor of 10204509?
False
Does 24 divide 1013373696?
True
Is 1588 a factor of 13034304?
True
Is 4425797237 a multiple of 107?
True
Does 35 divide 10947287?
False
Is 14 a factor of 3853041864?
True
Is 128257571 a multiple of 3281?
True
Is 346 a factor of 17312199?
False
Is 698608740 a multiple of 20?
True
Is 3447788982 a multiple of 4218?
True
Is 477482646 a multiple of 40?
False
Is 260 a factor of 441495080?
True
Is 393749910 a multiple of 6?
True
Does 12 divide 3028751736?
True
Does 6 divide 6361214?
False
Is 1361 a factor of 160302663?
True
Does 6723 divide 2459487141?
False
Does 725 divide 27685426?
False
Does 93 divide 2105055?
True
Is 9 a factor of 39276301?
False
Is 16 a factor of 15539309?
False
Does 40 divide 6666360?
True
Does 138 divide 948748344?
True
Is 945072108 a multiple of 203?
False
Is 284948802 a multiple of 9?
True
Is 3877536 a multiple of 78?
True
Is 64 a factor of 407872960?
True
Is 357683280 a multiple of 80?
True
Is 22 a factor of 1899358857?
False
Is 73 a factor of 123079156?
False
Does 212 divide 3161752100?
True
Is 353371532 even?
True
Is 22 a factor of 2474992561?
False
Is 7015 a factor of 1493723756?
False
Is 15323154 a multiple of 374?
True
Is 299163040 a multiple of 67?
True
Does 190 divide 48939944?
False
Is 6415089883 a multiple of 15?
False
Does 4 divide 13843490?
False
Is 19581942 a multiple of 86?
True
Does 224 divide 6341440?
True
Is 5547 a factor of 511818062?
False
Is 46 a factor of 141588736?
True
Is 167 a factor of 210204069?
True
Is 216 a factor of 47380655?
False
Does 4664 divide 168921331?
False
Is 56 a factor of 1274083272?
True
Is 1436 a factor of 278739088?
True
Is 814299724 a multiple of 1797?
False
Is 411751815 a multiple of 2235?
True
Does 37 divide 5320415?
True
Is 11624436 a multiple of 4?
True
Does 23 divide 38897096?
False
Does 344 divide 18553883?
False
Does 191 divide 51198412?
False
Is 99 a factor of 131021085?
False
Does 105 divide 474902523?
False
Does 857 divide 310128352?
False
Does 10 divide 5860729?
False
Does 16 divide 66237504?
True
Is 119 a factor of 2121810347?
False
Is 97 a factor of 23781776?
False
Does 123 divide 150375553?
False
Is 125008481 a multiple of 858?
False
Does 1028 divide 518050?
False
Is 393 a factor of 17316759?
True
Does 72 divide 71752680?
True
Is 21771348 a multiple of 958?
False
Is 85 a factor of 58567248?
False
Does 23 divide 873102908?
True
Is 7896 a factor of 154718182?
False
Is 107202726 a multiple of 298?
False
Does 64 divide 40463040?
True
Does 463 divide 31382140?
True
Is 6338235 a multiple of 2195?
False
Is 162 a factor of 360928410?
False
Does 323 divide 115050016?
True
Is 4 a factor of 503488?
True
Does 682 divide 11503294?
True
Does 68 divide 50571385?
False
Is 86007955 a multiple of 55?
True
Is 88594701 a multiple of 323?
True
Is 13621439 a multiple of 13?
True
Is 31626431 a multiple of 3?
False
Is 32329159 a multiple of 4?
False
Is 40 a factor of 192723780?
False
Does 271 divide 278096406?
True
Does 32 divide 866628396?
False
Is 1533 a factor of 13867808?
False
Is 2168 a factor of 38168225?
False
Is 8 a factor of 4349708?
False
Is 60 a factor of 531808977?
False
Is 47870398 a multiple of 256?
False
Does 35 divide 23411437?
False
Is 68284266 a multiple of 249?
True
Is 10170360 a multiple of 73?
True
Does 50 divide 44569401?
False
Is 5599 a factor of 170343976?
True
Is 311 a factor of 16358015?
False
Is 503392351 a multiple of 77?
True
Is 181 a factor of 272849491?
False
Is 969651251 a multiple of 58?
False
Does 82 divide 5553934738?
False
Is 1510 a factor of 182217740?
True
Does 30 divide 1143535680?
True
Is 1040 a factor of 164416789?
False
Is 200 a factor of 249194800?
True
Is 105 a factor of 88135523?
False
Is 7355900 a multiple of 16?
False
Is 102 a factor of 85079016?
True
Is 731355801 a multiple of 4?
False
Does 286 divide 205638290?
True
Is 178607541 a multiple of 5201?
True
Is 14 a factor of 333434248?
True
Is 20856646 a multiple of 12?
False
Does 761 divide 10629406?
False
Is 272 a factor of 448343504?
False
Is 1952233639 a multiple of 20?
False
Is 1137 a factor of 94153376?
False
Is 2972547 a multiple of 43?
True
Is 103 a factor of 861358409?
True
Is 72174953 a multiple of 873?
False
Is 151090048 a multiple of 84?
False
Is 419948381 a multiple of 14?
False
Is 1334 a factor of 33462056?
True
Does 2130 divide 74590422?
False
Does 172 divide 254116068?
True
Does 3390 divide 160190154?
False
Is 824 a factor of 1500828112?
False
Is 62586004 a multiple of 51?
False
Is 480954764 a multiple of 898?
False
Does 36 divide 1664323272?
True
Does 1731 divide 38212511?
False
Is 35021414 a multiple of 328?
False
Is 33229357 a multiple of 1086?
False
Is 28 a factor of 61250874?
False
Does 6 divide 220500612?
True
Is 22551957 a multiple of 2?
False
Is 545072328 a multiple of 2091?
False
Is 2632100642 a multiple of 18?
False
Is 82 a factor of 28128870?
True
Does 14 divide 183706065?
False
Is 179 a factor of 972149?
True
Does 2502 divide 2091707028?
True
Is 19 a factor of 822687815?
False
Does 21 divide 266577717?
True
Is 72 a factor of 1594951053?
False
Does 153 divide 426379198?
False
Is 98 a factor of 17320814?
True
Is 25 a factor of 1632243125?
True
Does 28 divide 611847135?
False
Is 17043203 a multiple of 13?
False
Is 363439462 a multiple of 32?
False
Does 587 divide 3710390606?
Tr